- (-2 + 3) - -1
-4
-9 + 5 + 4 - -1
1
Evaluate 3 + 2 - (8 + -10 - -2).
5
Evaluate (-5 - -1) + 1 - 0.
-3
What is 2 - 1 - (13 + -6)?
-6
Evaluate (4 - 6) + -4 - -1.
-5
What is the value of (-1 - 6) + -5 + 20 + -14?
-6
Calculate 0 - -1 - 4 - -5.
2
Evaluate 2 + (-3 - (-4 - 2)).
5
What is 3 - 0 - (-2 - 0)?
5
Calculate 1 + -9 - (47 - 51).
-4
Calculate 12 - ((3 - 10) + 12).
7
Evaluate 9 + -13 + -4 + 0.
-8
What is the value of 0 - (6 + -3 - 5)?
2
Calculate -6 + 11 - ((-4 - -1) + 3).
5
Calculate (-4 - (-4 + (7 - 2))) + 6.
1
Calculate 4 + (2 - 2) + -1 + -1.
2
Evaluate (-11 - -8 - 12) + 12.
-3
6 + 4 + 7 + -22
-5
Calculate -4 - (-3 + (-1 - -3)).
-3
What is (-9 - -2) + -24 + 31?
0
Calculate 3 + -5 + 3 + -5.
-4
Calculate (4 + -3 + 1 - 0) + -4.
-2
-11 + 14 + (0 - (-6 + 0))
9
What is the value of 4 + 1 + -71 + 67?
1
Evaluate -4 + 1 + 2 + -1.
-2
Calculate 9 + (-3 + -2 - -1) + -8.
-3
4 + (-12 - (-9 + 2))
-1
What is (-5 - -4) + 0 + -5?
-6
Evaluate -22 + 25 + -5 + 2.
0
What is (3 - (-3 - -2)) + 0?
4
(-9 - (-20 + 17)) + (0 - 0)
-6
Evaluate 7 - 13 - (9 + -6).
-9
Evaluate -11 + -2 + 3 - -5 - 3.
-8
Evaluate 1 - 6 - (-32 + 26).
1
Calculate 7 + (0 - -2 - 8).
1
Calculate -22 - -28 - (-1 + 5).
2
Evaluate (-8 - (-4 + -5)) + 7.
8
Evaluate 18 + (-4 - 6) + 0.
8
(1 - -1) + -8 + 73 + -61
6
-2 + (3 - -3) + 1 + -1
4
3 + (2 + -5 - -1)
1
Evaluate (2 - -2) + (-8 - (0 - 1)).
-3
0 - -2 - (-2 - 0)
4
What is the value of -2 + 0 - -5 - (-1 - -5)?
-1
Evaluate (7 - -5) + -13 - (-1 - 1).
1
Calculate 20 + -11 + 5 + 2 + -6.
10
Calculate -5 + -2 + (5 - 6) + 4.
-4
What is the value of -9 - ((4 - 24) + 5)?
6
What is -1 + 7 + 6 - (3 + 0)?
9
What is the value of -2 - (-10 + 0 + 16)?
-8
Evaluate -3 + 2 - (-2 + 1) - 2.
-2
What is -1 - (-1 + -7 + 3 + -2)?
6
What is -1 + (-3 - (1 - 4)) + -3?
-4
(8 - 6) + (0 - -1) + 2
5
What is the value of (-2 - 1) + 7 + 4?
8
Evaluate (-4 - 1) + -4 + -4 + 9.
-4
2 - (1 + 1) - (-3 - -1)
2
Calculate -4 + 4 + -12 + 15.
3
Evaluate -5 + (3 - 8 - (-6 + 0)).
-4
-2 - ((0 + 2 - -2) + -11)
5
Calculate (4 - -6) + -9 + 3.
4
What is 1 - (8 + -2 + 1) - -2?
-4
Evaluate -8 - -7 - (-1 + -3).
3
Evaluate -5 + -2 + 28 + -23.
-2
What is 1 + 2 - 7 - -12?
8
Evaluate 1 + -4 + -3 + 8.
2
1 + -10 - ((3 - 14) + 9)
-7
Calculate 1 - 0 - 2 - (-6 - -5).
0
What is the value of -2 + -2 + (-10 - -10)?
-4
Evaluate -7 + 0 + (14 - 1) - 4.
2
4 + -4 + 6 + (5 - 4)
7
1 + -9 + (-5 - -12)
-1
Evaluate 3 + (0 - (1 + 1)) + -3.
-2
Calculate 0 + 1 + 1 - (10 - 12).
4
What is the value of 4 - (0 + (-8 - -3) - -3)?
6
10 - (0 - (-14 + 8))
4
Evaluate 0 - ((6 - 10) + 8).
-4
What is the value of -7 + 4 + 13 + -12?
-2
Evaluate -7 + 2 + 0 + 6.
1
What is 16 - 24 - (-1 - 1)?
-6
Calculate 2 + (-3 - -5) + -5.
-1
-10 + (-17 - -10 - -23)
6
Evaluate -6 - (-6 - (7 - 7)).
0
-1 - (-5 + 1 - -5)
-2
-1 + (0 - -1) + -3 + -1
-4
What is 2 + 1 - ((6 - 0) + -2)?
-1
Calculate 0 - 3 - (10 + -2 + -7).
-4
What is 9 + (-2 + 5 + -9 - -2)?
5
What is -1 - -7 - (-18 - -21)?
3
Calculate 2 - (5 + -12 + -6 + 10).
5
Evaluate 5 + (-19 - -2) + 6 - 1.
-7
(5 - (5 - 3)) + -3 + 0
0
What is the value of 2 - (-3 + 1) - 7?
-3
2 + (0 - 0) + -3
-1
Calculate -1 - 0 - ((9 - 19) + 17).
-8
Evaluate 4 + ((-1 - -4) + -2 - 4).
1
What is the value of (-6 - (5 - (14 + -4))) + 3?
2
Evaluate -8 + 7 + (-3 - -9).
5
1 + (-2 + 2 + -2 - -3)
2
What is the value of -3 - -8 - (-3 - (-8 + 1))?
1
What is 9 - (-8 - -25) - -1?
-7
What is the value of (-13 - -7) + (1 - -2)?
-3
What is 4 + -1 + -8 + -1?
-6
Calculate (-2 - (-3 - (2 + -1))) + -3.
-1
What is the value of 6 + (0 - (-4 - -8))?
2
What is the value of 8 - (4 - 4) - 4?
4
What is 3 + -2 - ((10 - 6) + 2)?
-5
Evaluate 7 + -9 + -1 + 3.
0
What is -3 + 3 + -3 + 6?
3
What is the value of 2 + 1 - (104 + -109)?
8
-7 + 16 + -8 + -6
-5
-8 + (-2 - (-5 + -4))
-1
Calculate 5 + (-6 - (-2 - -6)).
-5
What is the value of 1 + 0 + 0 + -4?
-3
7 + -16 - -13 - 3
1
Calculate (25 - 23 - (-1 + 1)) + 0.
2
Evaluate 6 - (-14 + 13 + 11).
-4
What is -12 - (-11 + -6) - 0?
5
Calculate (13 - (9 + -4)) + -3 + 0.
5
-15 + (5 + -5 - -6) - -2
-7
Calculate 5 + 4 + -4 + 2 + -1.
6
What is the value of 8 + -13 - (3 - 11)?
3
(-15 - -8 - 2) + 9
0
What is -5 + 4 - (0 + (-9 - -2))?
6
-5 - (-4 - 0) - -1
0
-22 + -11 + 33 + -10
-10
What is (10 - (-10 + 4)) + -13?
3
Calculate 0 - -1 - -2 - (65 - 55).
-7
(11 - 18 - -8) + 5
6
What is the value of -3 + (1 - (-3 + 0)) + -2?
-1
7 + (1 - 6 - (61 - 60))
1
Calculate -8 + 7 + (1 - 4).
-4
-56 + 58 + 0 + -8
-6
What is (6 - 1) + -12 + 5?
-2
What is the value of -6 + (10 - (12 + 0))?
-8
What is the value of -1 + (0 - (-1 - -3 - 2))?
-1
Evaluate -4 - (0 + -1) - (5 - 5).
-3
Evaluate 13 + -2 + -13 - -3.
1
Calculate (-7 - -5) + (1 - 0).
-1
What is the value of 1 + 6 + 1 + (-13 - -4)?
-1
What is the value of -17 - -10 - (-2 + -1)?
-4
Calculate -2 + (6 - (4 + -4)).
4
What is the value of (71 - 73) + (1 - -9)?
8
Evaluate (0 - 2) + (-2 - (1 + -3)).
-2
4 - ((9 - 3) + -3) - 2
-1
Calculate (3 + -3 - -2) + 3.
5
What is (1 - 9) + 188 + -178?
2
(-4 - -10) + (-6 + 3 - 3)
0
What is the value of -2 + (-29 - -31) + (0 - 1)?
-1
Calculate (-2 - -5) + (0 - 2) - -3.
4
What is (-1 - (-4 + 1)) + (-1 - -1)?
2
What is the value of (-3 - (-8 + 1)) + -1?
3
Calculate 7 + 0 - (0 - -4).
3
What is the value of 0 - ((-7 - -10) + -7)?
4
Evaluate -102 + 97 - (-12 - 0).
7
What is 0 - -13 - (5 + 6)?
2
What is the value of (-5 + 7 - 11) + 14?
5
Calculate 1 - (-6 - 0) - 11.
-4
What is 3 - (-7 + 4 - -1)?
5
Evaluate (-2 - 1 - (-28 + 31)) + 9.
3
What is the value of (11 - (5 + -1)) + -7 + -3?
-3
What is 6 + -9 + -9 + (-3 - -6)?
-9
What is the value of -4 + (-1 - (-11 + 7))?
-1
Calculate 2 + 4 + -1 + -4.
1
(5 - (-3 + 27)) + 11
-8
(-34 - -46) + -1 + -6
5
What is 6 + -2 + -3 + 0?
1
What is (4 + -9 - -3 - 3) + 6?
1
What is the value of 1 - (3 + 1 + -4)?
1
What is the value of 2 - (18 - 2 - 9)?
-5
What is (6 - 8) + 2 + 3?
3
1 - (-2 + 5 + -8)
6
What is the value of -1 + -10 + (2 - -11) + -7?
-5
Evaluate 2 + -6 + -4 + 2 + 7.
1
What is the value of -5 - -1 - (-98 - -97)?
-3
What is the value of -9 + (6 - -1) - -1?
-1
Evaluate 2 + 3 + -4 + (-3 - 0).
-2
Calculate 2 + -1 + 2 - (15 - 15).
3
Calculate 1 + 3 - 7 - (-8 + 1).
4
What is -11 + 12 + -4 + 9?
6
Evaluate -3 - (-9 - -1) - (2 - 0).
3
Calculate (-12 - -13) + (-5 - 1).
-5
What is -19 + 17 + -4 + 2 + -5?
-9
0 - (-3 - (-1 + 0))
2
Evaluate -1 + -1 + (41 - 37).
2
Calculate -1 - -3 - -3 - 0.
5
Evaluate (-4 - -3) + 0 + 2 + 2.
3
What is 0 + -4 + 0 + -28 + 31?
-1
(2 - 3) + (2 - (16 - 9))
-6
What is -4 - 1 - (-1 + 3)?
-7
Evaluate (-4 - (4 + -3 + -11)) + -1.
5
What is the value of 6 + (-5 - -4) + -7 - 6?
-8
Evaluate (-5 - 5 - -6) + 2.
-2
What is the value of -6 + (5 - (3 - (4 - 6)))?
-6
Evaluate 8 - 4 - (0 + -1).
5
(-13 - -5) + -2 - -5
-5
What is the value of -3 + (0 - 0 - 1)?
-4
-1 - (1 + -4 - (-15 + 16))
3
1 + -5 + (7 - -1 - 8)
-4
What is the value of -1 + (-7 - (4 + -8)) - -4?
0
Calculate (3 - 4 - 6) + 10.
3
(1 - -1) + (9 - 14) + 1
-2
Calculate -9 + 33 + -9 - 10.
5
What is -2 + 7 + -12 + 8?
1
12 - (-3 - (-21 - -13))
7
6 + (2 - (-6 - -18))
-4
-2 - (3 + -15) - (4 + -1)
7
Calculate (8 - 10) + 2 - -1.
1
Evaluate 3 + 0 - (14 - 6) - -6.
1
(4 - 16) + 9 + -4 + 16
9
What is the value of (-3 - 6) + (4 - 0)?
-5
What is the value of 4 + (-7 - -11) + -5?
3
5 + (5 + (11 - 8) - 5)
8
Calculate -5 - (-6 - (0 - 5 - -5)).
1
What is the value of 26 - 26 - (5 + -1)?
-4
What is the value of (-6 - (10 + -17)) + (-2 - 6)?
-7
Evaluate -6 + 5 + 0 + 2 + -2.
-1
What is the value of 5 + -8 + (-4 - -6)?
-1
What is the value of -2 - (-1 - (-4 - 1) - 9)?
3
1 - (3 - (3 + 0))
1
Calculate -5 + 2 - (-2 + 4).
-5
What is the value of (-16 - -17) + -2 + -7?
-8
What is 18 + -19 - (-3 + 5)?
-3
Evaluate (-14 - (8 + -9)) + 8.
-5
Calculate -4 - (-4 - (9 - 5)).
4
Calculate (17 - 5) + -9 - (-2 - 1).
6
Evaluate (0 - (-2 - 17)) + -5 - 7.
7
What is the value of 31 + -25 - (1 - -10)?
-5
Evaluate -1 - -6 - (-4 - -5) - -6.
10
Calculate 5 + 0 + (-5 - (0 - -1)).
-1
(3 - (-15 + 9)) + (4 - 9)
4
0 + 3 + -6 - (-7 - 1)
5
-2 - ((4 - 2) + -2)
-2
Evaluate 0 + 3 + 2 + -8.
-3
3 - 0 - (12 + -10)
1
What is -5 + 2 + -3 + 3 + 2?
-1
What is (14 - 16) + -5 + 2?
-5
Calculate -2 + 1 - (-4 - (-10 + 5)).
-2
(-4 - -6) + (4 - 2)
4
Evaluate -3 - (-7 + 2 - (-6 - 3)).
-7
What is the value of (-20 - -8 - -13) + 2 + -9?
-6
-3 